 0*v - 2. What is the remainder when 6 is divided by h(-2)?
2
Let t = -16 + 11. Let j = 9 + t. Let b(q) = q**2 - 8*q + 7. Calculate the remainder when b(8) is divided by j.
3
Suppose 13*h - 165 = 10*h. What is the remainder when h is divided by 7?
6
Let q(a) = -2*a**2 - 16*a - 16. Let v be q(-7). Let b = -6 + 3. What is the remainder when 1*(b + (-70)/v) is divided by 11?
10
Let m(s) = -4*s**3 + 2*s**2 - 2. Let x be -1 + 3 + 3 + 1. Suppose 3*z = r - 1, -2*r + 18 = -x*z + 4*z. What is the remainder when m(-2) is divided by r?
12
Let v = -1 - 0. Let a be 0/(-1 + 1 - v). Suppose -5*d + 1 = -f, a*f + 2*d = 5*f - 41. What is the remainder when 17 is divided by f?
8
Calculate the remainder when 23 is divided by (48/(-40))/(4/(-30)).
5
Calculate the remainder when 15 is divided by ((-2)/6)/((-10)/120).
3
Let a(u) = 9*u - 10*u - 10 + 8*u**2 + 5*u + 7*u - u**3. Calculate the remainder when 23 is divided by a(9).
7
Suppose 7*o - 2*o + 5*p = 180, -p + 100 = 3*o. Let a = o - 6. What is the remainder when a is divided by 9?
8
Suppose 0 = s - 3 - 2. Suppose t - s = 5. Calculate the remainder when 18 is divided by t.
8
Let v be (-2)/7 + 640/35. Suppose 0 = 4*p - 3*s - 51, p + 4*s - v = 3*s. Calculate the remainder when 44 is divided by p.
14
Let m = 9 + -61. Let t be 2/(-5) + m/(-5). Calculate the remainder when 13 is divided by (-5 + 3)*t/(-4).
3
Let j = -28 + 42. Calculate the remainder when 67 is divided by j.
11
Suppose -5*r + w + 33 = 0, 4*r + w - 30 = -0*r. Let p(n) = -n**2 + 12*n + 25. What is the remainder when p(12) is divided by r?
4
Suppose -20 = -4*l + 116. What is the remainder when l is divided by 18?
16
Let c = 5 + -1. Suppose c*y + r + 37 = 0, 5*y - 2*r + 12 + 44 = 0. What is the remainder when (-256)/y + (-2)/(-5) is divided by 9?
8
Let l(g) = g**3 + 6*g**2 - 7*g. What is the remainder when l(-6) is divided by 23?
19
Suppose 3*m - 12 = -0*m. Suppose -w + 5 = -0. Suppose -4*y + 4 = -i, 25 = m*i + w*y - 64. Calculate the remainder when i is divided by 6.
4
Suppose -5*w - f = -127, -5 - 10 = 5*f. What is the remainder when 76 - (4/2)/(-2) is divided by w?
25
Let a = 0 - 1. Let l = a + 4. Suppose 3*m - 38 = -14. What is the remainder when m is divided by l?
2
Suppose -5*n = -7*n + 12. Let u(d) = d**3 - 7*d**2 + 9*d - 6. Suppose 0 = k - 3*k + 14. What is the remainder when u(n) is divided by k?
5
Let j(f) = -f**2 + 11*f - 10. Let r be j(9). What is the remainder when ((-40)/2)/(r/(-20)) is divided by 1/(-2) - 35/(-2)?
16
Let i(j) = 7*j + 8. Let s(d) = 8*d + 8. Let u(z) = -4*i(z) + 3*s(z). What is the remainder when u(-5) is divided by 5?
2
Let n(b) = -10*b**3 + 3. Calculate the remainder when n(-2) is divided by 32.
19
Suppose 2*b - 64 = -3*o, 54 = 5*o - 4*b - 38. Let n(f) = -17*f + 1. Let s be n(-1). Let t = 25 - s. What is the remainder when o is divided by t?
6
Let h(q) = 7*q - 3. Suppose 0 = 4*x - 2*d - 176, -x + 7*d - 3*d + 51 = 0. What is the remainder when x is divided by h(2)?
10
Suppose -1 = -l + g, 2*l = -5*g + 6 + 3. Let f(q) = -3 + 5*q**l - q - q - 4*q**2. What is the remainder when f(-2) is divided by 3?
2
Let l = -7 - -14. Let p = l + -11. Calculate the remainder when (82/(-4))/(2/p) is divided by 11.
8
Let o(g) = -19*g. Let d be o(-1). Let s(r) = 3*r**2 - 3*r + 2. Let m be s(2). Suppose -d = -j - m. What is the remainder when j is divided by 6?
5
Suppose -3*q - 8 = u, 2*q + 25 = -3*q. What is the remainder when u is divided by 6?
1
Let b(m) = m**3 - 8*m**2 + 11*m - 17. Suppose -w + 13 = -19. What is the remainder when w is divided by b(7)?
10
Let f(j) = 3*j**2 + 20*j - 5. Calculate the remainder when 52 is divided by f(-8).
25
Let w(g) = -g**3 - g**2 + 4*g + 2. What is the remainder when w(-6) is divided by 40?
38
Let x(w) = -w**2 - 35*w - 67. What is the remainder when x(-29) is divided by 55?
52
Let d(o) = o**3 - 8*o**2 + 5*o + 2. Let j(a) = 4*a. Let w be j(2). What is the remainder when d(w) is divided by 11?
9
Suppose 390 = 35*u - 32*u. What is the remainder when u is divided by 22?
20
Let f = -5 - -7. Calculate the remainder when 28 - (f/(-2) + -2) is divided by 11.
9
Suppose -3*c + 31 + 2 = 0. Calculate the remainder when c is divided by 6.
5
Suppose 3*o = -3*j - 48, 2*j = o - 2*j + 1. Let r = 24 + o. Let t(l) = 18*l + 2. What is the remainder when t(1) is divided by r?
9
Let h(i) = -i**3 + 6*i**2 + 5. What is the remainder when 13 is divided by h(6)?
3
Suppose -z = -2*i - 36, -3*i - 3*z = 2*i + 79. Let w = i - -31. Suppose -3*a + 11 = -4*a + 3*u, -4*u = 3*a - 32. What is the remainder when w is divided by a?
2
Let x(s) = 13*s. Let k be (-1 + 1 + 1)/1. Let j = -61 - -86. What is the remainder when j is divided by x(k)?
12
Let l(w) = w**2 + w - 5. Suppose 4*r + r - 8 = -h, -5*r + 10 = 0. What is the remainder when 4/(-2)*h*5 is divided by l(-4)?
6
Let v = 6 - -5. Calculate the remainder when 41 is divided by v.
8
Let j(q) = q**3 + 12*q**2 - 2*q + 2. Calculate the remainder when 335 is divided by j(-12).
23
Suppose 0 = -5*s - 2*y + 7*y + 75, -28 = -2*s + 4*y. Let t(g) = 2*g + 23. Calculate the remainder when s is divided by t(-7).
7
Let f = -12 + 21. What is the remainder when 26 is divided by f?
8
Let d(u) = -14*u**3 - u**2 + 1. Let h be d(-1). Let v be 4/h + 89/7. Let c = 16 + v. What is the remainder when c is divided by 8?
5
Suppose -r = -2*r + 3*p - 9, r + 3*p = 15. What is the remainder when 0 - (-2)/(4/50) is divided by r/12 + (-51)/(-4)?
12
Calculate the remainder when 38 is divided by 34/51*(16 + -1).
8
Let w(b) = -5*b - 2 + 4*b - b. What is the remainder when w(-14) is divided by 14?
12
Let c = -20 - -39. Suppose -2*u - 5 - 3 = 0. Calculate the remainder when c is divided by 5 - -3*u/(-6).
5
Suppose 3*o = 5*a + 104, -2*o + 65 - 13 = a. Calculate the remainder when o is divided by 10.
8
Calculate the remainder when ((-496)/6 + (-2)/6)/(-1) is divided by 17.
15
Let r = 6 - 4. Let n be 5*r + (3 - 3). Suppose -2*p + 8 = -n. Calculate the remainder when 16 is divided by p.
7
Let v(o) = -o**3 - 8*o**2 - 7*o + 4. Suppose 5*z = 2*z + 30. What is the remainder when z is divided by v(-7)?
2
Calculate the remainder when 40 is divided by (4/(-5))/((-2)/35).
12
Let y = 143 + -46. What is the remainder when y is divided by 13?
6
Suppose 0*f = -5*f - 35. Suppose -2*z + 3*y + 3 - 10 = 0, -15 = 2*z + 5*y. Let w = z - f. Calculate the remainder when 5 is divided by w.
1
Suppose 5*l - 29 - 6 = 0. Suppose -1 + l = 3*d. Suppose -d*q - q = -45. What is the remainder when q is divided by 8?
7
Suppose 6*g = 8*g - 214. Calculate the remainder when g is divided by 12.
11
Let q = 35 + -15. Suppose 3*g - q - 46 = 0. Suppose 3*d - g = d. Calculate the remainder when 21 is divided by d.
10
Suppose -5*o + 4 + 1 = 0. Let b be o - 3/3 - -3. Suppose -4*x - 34 = -z, -z = b*z - 3*x - 136. Calculate the remainder when z is divided by 18.
16
Suppose 2*a = 4 - 0, -4*x + 4*a = -16. Let t = 20 - 3. What is the remainder when t is divided by x?
5
Let x = 65 + -28. Calculate the remainder when 109 is divided by x.
35
Let z = -146 + 287. What is the remainder when z is divided by 24?
21
Let u(h) = -2*h - 2. Let m be u(-2). Suppose 40 = m*v + 2*v. Calculate the remainder when 29 is divided by v.
9
Let b(t) = -t**3 + 5*t**2 + 7*t. Calculate the remainder when 2 + 15 - 0/(-6) is divided by b(6).
5
Suppose 0 = r + 12 - 115. Let w(h) = h**3 - 4*h**2 + 3*h + 2. Let l be w(3). Suppose r = l*n + 15. Calculate the remainder when n is divided by 15.
14
Suppose j = 4*j - 36. Let m(i) = -i**2 - 4*i. Let f be m(-3). Suppose -d + 2 = -5*v, -f*v - 40 = -2*d - 2*v. Calculate the remainder when d is divided by j.
10
Suppose 3*y = 31 - 16. Suppose -4*r = -r - 12, 22 = 3*b - 5*r. Calculate the remainder when b is divided by y.
4
Suppose -3 + 51 = 8*g. What is the remainder when 15 is divided by g?
3
Let i(m) = m**2 + m - 3. Calculate the remainder when 61 is divided by i(3).
7
Let m(x) = -x**3 - 10*x**2 - 3*x - 9. Let r be m(-10). Let j be (r/6 + -3)*-2. Let w(q) = -38*q + 1. Calculate the remainder when w(j) is divided by 20.
19
Let o(z) = -z**2 - 4*z - 1. Let u be o(-4). Let j = u - -13. Let t = -876 + 899. What is the remainder when t is divided by j?
11
Suppose 5 = 2*a + 1. Suppose h = a*h - 1. Let i = 12 + h. Calculate the remainder when 38 is divided by i.
12
Let m = 3